(2/(-1))/(17 + 134644/(-7920))?
True
Let g be 480/(-9) + 2/6. Suppose 31 = 4*r - 3*j, r + 4 = 2*r + 3*j. Let x = r - g. Is x a multiple of 9?
False
Let h(k) = k**2 + 69*k - 921. Is 137 a factor of h(-164)?
True
Suppose -74520 - 57591 = -21*n. Does 8 divide n?
False
Let r be 1058/(-69)*3/(-2). Suppose -14860 - 182 = -r*f. Is 12 a factor of f?
False
Suppose 1495 = -30*q + 35*q. Let k = 775 - q. Is k a multiple of 34?
True
Suppose -4*i = 3*i + 14. Is 24 a factor of i*(-3)/(-24) - 7501/(-52)?
True
Let n(x) = -3*x**2 + 3*x - 452. Let z(m) = -2*m**2 + 3*m - 453. Let a(d) = 3*n(d) - 4*z(d). Does 12 divide a(0)?
True
Suppose -5*h = -25, 19751 = 5*q - h + 6606. Does 10 divide q?
True
Suppose -5*l + 174 = 3*m, -2*m - 22*l + 115 = -19*l. Suppose -m*y = -59*y + 42. Is y a multiple of 2?
False
Suppose 265 = 3*z + 904. Let r = 633 + z. Is 12 a factor of r?
True
Let x(r) = 4*r**3 + 25*r**2 - 8*r + 8. Let q be x(-7). Suppose -h - h + 142 = -5*y, 0 = 2*y - 3*h + 59. Let d = y - q. Is d a multiple of 24?
False
Let f = -47392 - -90469. Is f a multiple of 83?
True
Suppose 6*d + 40 - 46 = 0, 2*d = 5*r - 152638. Is 48 a factor of r?
True
Let v be (-28744)/30 - (17/(-15) + 1). Let y = v + 1588. Is 21 a factor of y?
True
Suppose 9541*u + 65520 = 9561*u. Does 4 divide u?
True
Let j be 342/81 + 8/(-36). Suppose -2*g - 7*b + 178 = -6*b, 5*g - j*b - 432 = 0. Is g a multiple of 22?
True
Let x(o) = -o**2 + o + 22. Let n be 4*(-3)/(-9)*(-18)/(-3). Let t be x(n). Does 10 divide 5/(t/(-8) - 4)?
True
Let v(h) = 85*h - 6. Let c be v(5). Suppose 7*l = 3*t + 2*l - c, -2*l = -4*t + 540. Suppose 8*f = 517 - t. Is 16 a factor of f?
True
Let d = -1384 + 3293. Does 88 divide d?
False
Let p(i) = -i - 7. Let t be p(-5). Suppose 5*b - 50 = 15. Let h = t + b. Is h a multiple of 11?
True
Suppose -4*t + c = 23, 2*t + 2 = -4*c - 14. Is 4 a factor of t + 7 + -1 - -28?
True
Does 99 divide 710*1/(-2)*(-2 - 12)?
False
Suppose 2*r - 4*j - 392 = -52, 5*j + 5 = 0. Let k = r - 133. Does 7 divide k?
True
Is 5 a factor of (45/10 - 4)/((-2)/(-1840))?
True
Let p(h) = h**3 - 12*h**2 - 13*h + 22. Let w be p(13). Does 10 divide 658/11 + 4/w?
True
Let x(y) = -y**2 - 22*y - 50. Let c be x(-14). Suppose 57 = 5*g + c, -518 = -j + 4*g. Is j a multiple of 82?
False
Suppose 17 = 4*v + 17. Let u be (v - -219) + -1 + 1. Suppose -q + u = 2*q. Does 15 divide q?
False
Let s = -93 + 156. Suppose -119 = -u - l, -u + 72 = -3*l - s. Does 41 divide u?
True
Let n = -7279 - -11465. Is 26 a factor of n?
True
Suppose 2*o - 344 = 2*n, -3*o + 2*n + 532 = 3*n. Suppose -180*m = -o*m - 720. Does 11 divide m + (-9)/((-45)/(-20))?
True
Let u(m) = 0*m + 8 - m**3 - 5 + m + 0*m**2 - 2*m**2. Let i be u(3). Is -3 - i - (-3 - -4) a multiple of 7?
True
Let t(v) = 4*v - 19. Let o be t(9). Suppose -6*w + o*w = 4059. Is 9 a factor of w?
True
Suppose 0 = r + 4*r + 2*u - 160, 0 = 5*r - 5*u - 195. Let d = r - 34. Does 7 divide ((d - 1) + -20)*-2?
True
Suppose -104*u + 95*u = 0. Let s(z) = -2*z**2 + 12*z + 124. Does 2 divide s(u)?
True
Let z(r) = -65*r**3 - 3*r**2 + 28*r + 60. Does 132 divide z(-5)?
False
Let n = -171 + 173. Is 6 a factor of 2 + ((-8)/(-24))/(n/534)?
False
Let a(y) = 55*y**3 + 4*y**2 - 2*y + 10. Does 75 divide a(5)?
True
Let n = -29904 - -39831. Is 5 a factor of n?
False
Suppose -16*v - 13*v + 397089 = -8*v. Is 12 a factor of v?
False
Let m(r) = -3485*r - 5770. Does 63 divide m(-5)?
True
Let g(b) = b**2 + 5*b - 10. Let y(k) = 2*k**3 + 9*k**2 - 3*k + 4. Let m be y(-5). Let t be g(m). Is 29 a factor of 20/16 + -1 + (-387)/t?
False
Let p = -87 - -91. Suppose -5*s - 380 = -p*w, -w - s + 98 = -3*s. Let i = -17 + w. Does 12 divide i?
False
Let d = 4028 + -3888. Is 5 a factor of d?
True
Let h = -79203 + 118915. Does 34 divide h?
True
Let l be (1014/(-6))/(-13)*(929 + 1). Suppose -113*i + l = -98*i. Does 62 divide i?
True
Let m(s) = -6*s**2 + 133*s - 22. Let v be m(22). Suppose v = 5*f, -a = 2*f + 2*f - 821. Is a a multiple of 26?
False
Suppose -3*l + 22251 = -4*w - 5358, 0 = -4*l + 5*w + 36813. Is l a multiple of 93?
True
Suppose -s + 4837 = j, s - 1968 = 5*j + 2857. Is s a multiple of 12?
False
Let q(d) = 2*d**2 + 9*d + 6. Suppose -4*z + 9 - 449 = 0. Let n = z + 104. Does 12 divide q(n)?
True
Let z be ((-2)/(5 - -1))/(29/(-783)). Suppose 2*l = -3*s - 9, -10 - 9 = -3*l + 2*s. Suppose l*r + 132 = z*r. Is r a multiple of 13?
False
Let c(i) be the second derivative of -i**5/20 + i**4/12 - 13*i**3/6 - 25*i**2/2 - 5*i - 6. Does 33 divide c(-7)?
False
Let d(p) be the second derivative of p**3/6 + 5*p**2/2 - 15*p. Let y be d(1). Suppose -k = -y - 76. Is k a multiple of 11?
False
Suppose -20*j + 4640 + 1440 = 0. Does 2 divide j?
True
Let r(o) = -6*o + 70. Let p(i) = -2*i + 23. Let d(t) = -11*p(t) + 4*r(t). Let g(m) = m**3 + 4*m**2 - m - 4. Let q be g(-4). Is 9 a factor of d(q)?
True
Suppose -153570 = -6*f - 24*f. Is 14 a factor of f?
False
Let u(w) = -15*w - 39. Suppose -5*k + 4*q = 80, 2*q - 15 = 5*k + 55. Let i be u(k). Suppose 2*v + 2*v + 3*r = i, -r = 1. Is 30 a factor of v?
False
Let j = -200 - -868. Let d = j - -9. Does 33 divide d?
False
Let y = 92 + -87. Suppose 0 = -3*g - 4*i + 791, -3*g - y*i = -891 + 104. Does 36 divide g?
False
Let i(w) = w**2 - 13*w + 2. Let m be i(6). Let p = 48 + m. Is (-18)/p*24/(-54)*12 a multiple of 4?
True
Let i(x) = x**3 - 5*x**2 - 33*x + 153. Does 4 divide i(11)?
True
Let g(t) = 4876*t**3 + 16*t**2 - 21*t - 24. Does 197 divide g(2)?
True
Suppose -34076 = 11*l - 326170. Is 11 a factor of l?
True
Suppose -3*h - 20*m + 16871 = -16*m, -11246 = -2*h - 2*m. Is 11 a factor of h?
True
Suppose -7*l - 3422 + 9925 = 0. Is l a multiple of 84?
False
Suppose -1588 = -3*l - 4*w, 0 = 2*l + 3*w - 1497 + 437. Let n = l - 392. Is n a multiple of 33?
True
Let g = 17 + -16. Let s(p) = -204*p**3 + 2*p**2 - 2*p + 1. Let k be s(g). Let v = k - -287. Is 14 a factor of v?
True
Let a(z) = 950*z + 1755. Does 11 divide a(4)?
True
Suppose 4*a = 5*a - 1. Let b be 15*a + (2 - 1 - 1). Is (8 - -1)*110/b a multiple of 17?
False
Let l = 172 + -355. Let b = -120 - l. Is 4 a factor of b?
False
Let n(m) = 11*m**2 - 12 - 24*m - 30*m + 38*m - 29. Is n(-7) a multiple of 37?
False
Let h(q) = -12*q**2 - 1007*q + 101. Does 33 divide h(-81)?
False
Let p(s) = -319*s**3 + s**2 - 2*s + 2. Let u be p(1). Let q = -277 - u. Is q even?
False
Suppose 22177 = 31*c + 81*c - 108191. Is 16 a factor of c?
False
Suppose 102 = -12*r + 666. Suppose -63*x + r*x + 12288 = 0. Is 16 a factor of x?
True
Let b(l) = -3*l**3 + 3*l**2 - 20*l + 2. Suppose 130 - 115 = -3*g. Is 46 a factor of b(g)?
True
Suppose 0 = -14*y + 16*y - 5*q - 450, -y + 224 = -2*q. Does 33 divide y?
False
Suppose 0*k - 1332 = -3*k. Let g = k - -94. Does 34 divide g?
False
Let w(m) = 3*m**2 + 6*m + 2. Let c be w(-5). Suppose 3*q = -5*j - 23, -3*q + j = 6 + c. Is 20 a factor of (120/(-14))/(1 - q/(-14))?
True
Let o = -1241 - -780. Let z = -244 - o. Does 7 divide z?
True
Let b be -6*10/(-48) - 6/(-8). Suppose 0 = -5*z + b*o + 1088, 675 = 3*z - 3*o + 24. Is 22 a factor of z?
False
Suppose 7*m = 3*m - 2*m. Suppose -3*r - f = 86 + 62, r + f + 50 = m. Is r/(-2) + -1*1/2 a multiple of 12?
True
Let u(q) = 3*q**2 + 27*q - 120. Suppose 2*c + 2*l = 2, 2*l + 3*l + 25 = 0. Is u(c) a multiple of 29?
False
Let y be 2/22 + 10/(-110). Suppose y = 3*i - 1459 - 1400. Is 43 a factor of i?
False
Let j(z) = -10*z + 8. Let a be j(-2). Let v = 28 - a. Suppose -3*u + 2*p = -357, v = -u - p + 33 + 81. Does 9 divide u?
True
Suppose -5*w + 20 = -5*q, q + 3 = 2. Suppose -z + 0*f = -2*f - 49, -w = f. Is 8 a factor of z?
False
Let j(c) = 55*c - 94 - 146*c + c**2 + 75*c. Is j(25) a multiple of 20?
False
Let s(o) = -o**2 - 6*o + 15. Let f(y) = -1. Let w(g) = 6*f(g) - s(g). Let i be w(3). Suppose -62 = -2*n - 2*c, n - i*c + c = 49. Is 7 a factor of n?
False
Let i(f) = 70*f**2 - 169*f + 210. Is 156 a factor of i(-6)?
True
Let t = -12 + -3. Let l be ((-388)/(-6))/(50/t + 4). Suppose 5*d = 3*y - 97, -4*y - 11 = 2*d - l. Is 4 a factor of y?
True
Suppose -4*t - 1 = -5*g - 11, 4*g = -5*t + 33. Suppose g*r + 9 = 9. Is r + -1 - (-74 - -7) a multiple of 22?
True
Suppose -5*h + 389 = i - 269, 0 = -4*h - 8. Does 4 divide i?
True
Suppose 3*y - 18*y = -30. Is -2*(19 - 3)/(-1) + y a multiple of 7?
False
Suppose 3*y + 3*k = 15, 2*k - 4 + 15 = y. Is 